et q = 6 + -3. Let n be (-5)/q + 2/(-6). Let a(j) = -3*j**2 - j. Give a(n).
-10
Let r(b) = -17*b - b**2 - 2 + 0 + 14*b. Let k be (6/(-4))/(6/8). What is r(k)?
0
Suppose 5*n - 2*b = n + 4, -3*n + b = -4. Let y(x) = -x**3 + 0*x**3 + 12 + 6 + x - 19 + 2*x**2. Determine y(n).
1
Let o(i) = -i**3 - i**2 + i + 9. Let k be o(0). Let a(c) = c - 6. Let h be a(k). Let d(n) = -n**2 + n. What is d(h)?
-6
Let z(r) = -r - 1. Let m(l) = 5*l + 8. Let f(b) = m(b) + 4*z(b). Calculate f(-5).
-1
Let u(m) = -m - 2*m + 15 + 4*m. Let j(k) be the first derivative of -k**2/2 - 14*k + 1. Let r(v) = 6*j(v) + 5*u(v). Give r(-4).
-5
Let a(g) = g**2 + 7*g + 7. Let u(f) = -f**2 + 4*f + 5. Let d be u(5). Suppose d = -7*q + 3*q - 24. Give a(q).
1
Let k be (-9)/2 - 9/(-18). Let d be ((-12)/(-15))/(2/10). Let y(f) = f - d - 3*f + f. Determine y(k).
0
Let j = -6 + 9. Suppose 0 = 4*t - 3*n - 18, -5*n - 8 = -j*t - 0*n. Let p(l) = l**2 - 5*l + 3. What is p(t)?
9
Suppose 0 = -2*d + 2*o + 6, 3*d = -o - 4 + 9. Let t be -3 + d*9/6. Let w(b) = b - 3. Determine w(t).
-3
Suppose -13 = -4*d - 5. Let f(g) = 2 + g + d*g**2 - 3 - 2*g**2 + 4*g**2. What is f(1)?
4
Let y(q) be the third derivative of -3*q**2 - 1/6*q**3 + 0*q + 0 + 1/2*q**4. Let j = -5 + 4. What is y(j)?
-13
Let o = 6 - 0. Suppose -v = v + o. Let i(f) = -f**2 - 4*f. Give i(v).
3
Let f(h) be the first derivative of -h**4/4 + 5*h**3/3 - 3*h**2/2 - 3*h - 11. Let i be 1 - 1 - (-4 - 0). Calculate f(i).
1
Suppose 3*s - 3*c = -9, 7*s - 35 = 2*s - 5*c. Suppose 0 = -5*a - 19 + 54. Let u(w) = -11*w + s*w - 7 + a*w. Calculate u(-5).
3
Let m(h) = -36 + 2*h + 67 - 35. Give m(6).
8
Suppose 8 = -2*x - 0. Let u(z) = z + 2. Determine u(x).
-2
Let o(v) = -3*v - 5. Let d(w) = 3*w + w - 3*w. Let c(j) = -2*d(j) - o(j). What is c(0)?
5
Suppose 0 = 2*c - 3 + 1. Let n(o) = -2*o - o**3 - 3*o**2 + 5*o + c + 0*o. Give n(-4).
5
Let u = 2 - -1. Suppose 3*x + 4 - 3 = 2*d, -u*d = x - 7. Let q(j) = -5*j + 3. Give q(d).
-7
Let s(d) = 3*d**2 + 9*d. Suppose -5*p + 16 = -p. Let j(t) = 2*t**2 + p*t - t + 2*t + 0*t. Let x(w) = -11*j(w) + 6*s(w). Give x(1).
-5
Let g = 74 + -66. Let p(q) = -q**3 + 7*q**2 + 7*q + 3. Determine p(g).
-5
Let g(f) be the second derivative of f**3/3 - 3*f**2/2 + 3*f. Let j be (-184)/(-10) + (-2)/5. Let b be 1/(-1 - j/(-15)). What is g(b)?
7
Let o = 0 - -6. Let u(v) = -2*v + 11. Suppose -p + 30 = -6*p. Let h(y) = 4*y - 21. Let k(z) = p*h(z) - 11*u(z). Calculate k(o).
-7
Let l(c) = c - 1. Let g(z) = 3*z**3 - 2*z**2 + 1. Suppose -b + 4*h = -0*b - 13, 2*h + 8 = 2*b. Let d be g(b). Determine l(d).
1
Let u be 2 + (-1 - 6*1). Let j(s) be the first derivative of -1/3*s**3 + 3 - 7/2*s**2 + s. Give j(u).
11
Let g(v) = v + 6. Let b = -6 - -9. Suppose 0 = h - b. Suppose h*d = 3 - 15. Calculate g(d).
2
Suppose -6*g + 5 = -19. Let t(w) = -3*w**2 + 6*w - 6. What is t(g)?
-30
Let j(f) = -f**3 + 6*f**2 + 6*f. Let y be j(7). Let g = -12 - y. Let d(t) be the third derivative of -t**4/8 - 5*t**3/6 - 11*t**2. Determine d(g).
10
Let c(g) = -g + 6. Suppose 4*w + s = -w + 30, 2*w - 4*s = 34. Calculate c(w).
-1
Suppose 5*w = -2*a - 26, 5 + 4 = a - 3*w. Let o(i) = 4*i**2 - 10 + 2*i + 29 + i**3 - 17. Give o(a).
5
Let g(w) = w + 1. Suppose -3*s - 8 = t + 12, 0 = -t + s. Give g(t).
-4
Let w(i) = i**2 - 4*i - 6. Let y be w(6). Let r(p) = p - 7. Calculate r(y).
-1
Suppose 0 = p + 4*p + 85. Let j = 21 + p. Let w(c) = -3*c + 0 + 6 - c. Determine w(j).
-10
Let j(s) = s**2 + 1. Let h(t) = 3*t - 1. Let a be h(3). Suppose -8 = -3*p - 4*u, -2*u - 4 = 2*p - a. Calculate j(p).
1
Let l(w) be the second derivative of -w**7/1260 + w**6/90 - w**5/40 - 5*w**4/12 - w. Let z(p) be the third derivative of l(p). Calculate z(5).
-13
Suppose 5*d - 15 = -u, 3*u - 18 + 5 = d. Let n(r) = -r**2 - 2*r + 0*r + 7*r - d. Calculate n(4).
2
Let w(a) = -2*a**2 + 5*a - 12. Let r(o) = -o**2 + 3*o - 6. Let p(l) = -5*r(l) + 2*w(l). What is p(4)?
2
Let i(j) be the second derivative of -j**4/12 + j**3/2 - 3*j**2/2 + 4*j. Calculate i(4).
-7
Let i(f) = f - 6. Let r(o) = -3*o + 10. Let v be r(4). Let p be v*((-4)/(-4) + -4). Calculate i(p).
0
Let n = -56 + 60. Let v(p) be the first derivative of 1/4*p**4 + p + p**3 + n + 3/2*p**2. Determine v(-3).
-8
Let r(i) = i**2 + 7*i + 3. Let f be ((-2)/(-4))/((-1)/(-36)). Let q be (-4)/18 - 104/f. What is r(q)?
-3
Let w(n) = -n**2 + 3*n - 6. Suppose -38 = 4*a + 6. Let c = a - -15. What is w(c)?
-10
Let q(j) = -j**3 - 9*j**2 + 10. Let z(c) = c**3 + 10*c**2 - 11. Let h(r) = 4*q(r) + 3*z(r). Give h(-6).
7
Suppose 0 = -2*x + a + 60, 5*a - 103 = -3*x - 0*a. Let y be 1/5 + x/(-5). Let f(c) = -c**2 - 5*c - 2. Calculate f(y).
-8
Let c(d) be the second derivative of -d**4/12 - d**3/2 + 3*d**2/2 + d. Let g = -68 + 63. Calculate c(g).
-7
Let c(g) = 11*g**2 + 1. Suppose -z + 5*z = -2*p - 6, -p = -5*z - 11. Let l(b) = -2*b**2 + 1. Let x be l(p). Give c(x).
12
Let z(m) = 4*m + 5. Let q(p) = 1. Let u(x) = x + 3. Let n(b) = 5*q(b) - 3*u(b). Let o(j) = -3*n(j) - 2*z(j). Suppose 11*h = -20 - 24. Determine o(h).
-2
Let x(c) be the second derivative of -c**5/20 + 2*c**4/3 - 7*c**3/6 + 5*c**2/2 - 7*c. Give x(7).
5
Suppose 2*t + 4*p = -0*t - 24, 3*p + 15 = -t. Let g(a) be the third derivative of a**5/60 + 5*a**4/24 + 5*a**2 - 1. Calculate g(t).
6
Let j(l) = 2*l**2 + 7*l + 3. Let f be j(-4). Let u(w) = -w - 2. What is u(f)?
-9
Let p be 1*1*(-3 + 8). Suppose 3 = x - p*c, -3*x = -4*x - 3*c + 3. Let w(j) = -x + 0 - j + 2*j - 4. Determine w(0).
-7
Let m = -3 - -5. Suppose m*b + 4*h - 15 = -h, 2*h = 5*b + 6. Suppose a - 2 = -b*a. Let f(j) = -j**2 + 1. What is f(a)?
-3
Let y(c) = c + 14. Let i be 21/4 + 2/(-8). Let b(t) = -2*t - 28. Let r(u) = i*y(u) + 3*b(u). Let h be r(-9). Let q(o) = o**3 + 5*o**2 - o - 4. Determine q(h).
1
Let m(n) = -n + 1. Let r(f) = -3*f - 2. Let o(u) = 4*m(u) - r(u). Determine o(7).
-1
Let n(l) be the third derivative of l**5/60 + l**4/8 + 3*l**2. Calculate n(-4).
4
Let t(o) = o**2 + 2*o + 4. Let k(h) = -h**3 + 7*h**2 - 5*h - 9. Let p be k(6). Determine t(p).
7
Let o(n) = -3*n**3 - 2*n**2 - n - 1. Let f = 19 - 21. Calculate o(f).
17
Suppose 3*s - 4*y = -9, -3*s - 2*y - 3*y = -18. Let u(l) = -1 + 2*l - 5*l + l**2 + 2. Determine u(s).
-1
Let k(o) = -7 + o + 15 - 3*o. Determine k(10).
-12
Let j(b) = -b**2 + 2*b - 4. Suppose 0*r = -4*r. Let s be 42/4*4/7. Suppose r*o = -2*o + s. Determine j(o).
-7
Suppose 2*w + 7 + 33 = 0. Let j = w + 16. Let b(q) be the third derivative of -q**5/60 - q**4/4 + q**3/3 + q**2. Give b(j).
10
Let k(v) = -5*v**3 - 9*v**2 + v + 3. Let x(g) = -6*g**3 - 10*g**2 + 2*g + 4. Let i(p) = 5*k(p) - 4*x(p). What is i(-4)?
-5
Let m(u) = u + 4. Suppose 0*l + 15 = 5*l. What is m(l)?
7
Let i(y) = -11 + 301*y + 284*y - y**3 - 575*y + 7*y**2. Give i(8).
5
Let a(j) = -j. Suppose 4*b - 11 - 20 = 3*c, 0 = -c - 5. Suppose -b*v = 4*h + 49 - 9, -h - 15 = 2*v. Determine a(v).
5
Let r(y) = -y**2 + 4*y + 1. Let d(z) = 3*z - 11. Let k be d(5). Give r(k).
1
Let y(v) = -4*v**2 - 10*v + 8. Let r(g) = 6*g**2 + 15*g - 12. Let z(m) = 5*r(m) + 8*y(m). Let s(c) = -c**2 - c. Let l be s(2). Let j = l - -2. What is z(j)?
-8
Let a(v) be the second derivative of -v**6/360 + v**5/120 + v**4/24 - v**3/6 - v. Let y(m) be the second derivative of a(m). Suppose -w = -3*w. What is y(w)?
1
Let d(b) = 4*b + 9. Let h(l) = -13*l - 28. Let z(a) = 7*d(a) + 2*h(a). What is z(-6)?
-5
Let q(r) be the second derivative of r**4/12 + 2*r**3/3 - 4*r**2 + 4*r. Give q(-6).
4
Let y(o) = o**2 + 10*o - 4. Let x(w) = w**2 + w. Let i = -1 + 3. Let v(j) = i*x(j) - y(j). Determine v(6).
-8
Let t(b) = b**2 - 10 - 16 - 5*b + 32. Let c be (-12)/10*10/(-3). Calculate t(c).
2
Let a = -13229/30 + 441. Let y(p) be the third derivative of 0 - 1/120*p**6 + a*p**5 + 0*p + 1/2*p**3 + 1/6*p**4 - 4*p**2. Determine y(4).
-13
Let b(g) = -3*g - 3. Suppose 3*i = -3*y + 8*i - 10, -4*i + 8 = 5*y. Suppose y + 8 = -2*c. Let v(x) = 9*x + 8. Let u(z) = c*v(z) - 11*b(z). Determine u(-2).
7
Let a(w) = -w**3. Let o(v) = -4*v**3 - 3*v**2 + 4*v. Let b(k) = 3*a(k) - o(k). Let j = 5 + -5. Suppose -z - 3*x - 13 = 0, -2*z + 5*x = -j*z - 7. What is b(z)?
0
Suppose 5*d - 3*i - 39 = 0, -5*d - i + 2*i = -33. Let s(k) = 7*k - k**2 - 6 + k**2 - k**2. Give s(d).
0
Let r(x) be the first derivative of -x**3/3 + 5*x**2/2 - 3*x - 13. Let u be 4/(-18) + (-4